 - 321/(-12).
3
List the prime factors of (36/15)/(4/50).
2, 3, 5
Let d(o) = -7 + 26*o**2 - o**3 - 4*o + 1 - 30*o**2. What are the prime factors of d(-4)?
2, 5
Let y = 157 - 12. What are the prime factors of y?
5, 29
Let t be ((-3)/2)/((-7)/14). Suppose -t*g - g = -52. What are the prime factors of g?
13
Suppose 0 = -4*k - 4*d + 428, -9*d = -11*d. List the prime factors of k.
107
Suppose -2*c - c + 150 = -3*x, -4*c + 197 = -x. Suppose -c + 1 = -4*f. List the prime factors of f.
2, 3
Let v(x) = x. Let n(l) = -4*l - 8. Let d(s) = -n(s) - 5*v(s). Let m(i) = 6*i - 1. Let o be m(1). List the prime factors of d(o).
3
Let d(a) = -a - 5. Let g be d(-6). Suppose -o = g - 4. What are the prime factors of o?
3
Suppose 80 = 2*l + 3*l. Suppose 0*o + l = 2*o. Suppose 2*c - o = -0*c. What are the prime factors of c?
2
Let w(q) be the first derivative of -q**4/4 + 7*q**3/3 + q**2/2 + 5*q - 4. What are the prime factors of w(7)?
2, 3
Let o(t) = -6*t**3 - 9*t**2 - 7 + 9*t + 7*t**3 + 0*t**2. Let u be o(8). What are the prime factors of 18 - (u + -2 + 3)?
2
Let q(o) = o**3 - 4*o**2 - 19*o - 17. List the prime factors of q(9).
7, 31
Suppose 0 = 7*j - 3*j - 8. Let k(d) = d**2 - 8*d + 9. Let x be k(7). Suppose j*g + x*g = 40. What are the prime factors of g?
2, 5
Let n(j) = 7*j**2 + 15*j + 5. List the prime factors of n(-4).
3, 19
Suppose 129 = 3*a - 6. List the prime factors of a.
3, 5
Let x = -7 + 17. What are the prime factors of x?
2, 5
Let u be -2 - -5 - (0 + 2). Let g(w) = 26*w**2 - 1. List the prime factors of g(u).
5
Suppose -m - 180 = -3*s, 2*s + 5*m - 159 = -56. List the prime factors of s.
59
Suppose -1 + 13 = -4*w. Let m be (4/w)/(6/(-63)). Suppose h = 3*h - m. What are the prime factors of h?
7
Let m(r) = -9*r**3 - 2*r**2 + 1. Let n(j) = j - 4. Let k be n(3). What are the prime factors of m(k)?
2
Let t be (-1 - 2 - -85) + -2. Let w = 118 - t. List the prime factors of w.
2, 19
List the prime factors of (3 - 17/3)/((-4)/222).
2, 37
Suppose -8*k = -66 - 30. List the prime factors of k.
2, 3
Let p(b) = b + 10. Let u be p(-12). List the prime factors of (-400)/(-28) + u/7.
2, 7
Let d = 38 + -64. Let k = d + 50. What are the prime factors of k?
2, 3
Suppose g - 5*j + 4 = 24, 36 = 3*g - 3*j. What are the prime factors of g?
2, 5
List the prime factors of 37 + (3 - 6/2).
37
Suppose -12*t + 376 = -572. What are the prime factors of t?
79
Let q(d) = 4*d**2 + 8*d. List the prime factors of q(-5).
2, 3, 5
Let w be (12/3 - 2) + 4. Suppose -t = -3*t + w. Suppose 2*u + 11 = t*u. List the prime factors of u.
11
Let g(r) = 8*r**2 + 4*r - r**3 - 4*r**2 - 2*r**2. What are the prime factors of g(-3)?
3, 11
Suppose 76 = -0*s + 4*s. List the prime factors of s - (16/4 - 3).
2, 3
Suppose 4*k + 14 = -2*s, 3*k + 0 = 3*s + 21. Let z(q) = -3*q - 8. What are the prime factors of z(s)?
13
Suppose 110 = 2*v + 3*q, -4*v = 3*q - 149 - 71. What are the prime factors of v?
5, 11
Let z(x) = x**3 + 0*x**3 + 8*x - 7*x**2 - 2*x**3 + 11. Suppose -9*d + 6*d - 24 = 0. What are the prime factors of z(d)?
11
Let a(t) = 2*t - 4. Let z = -36 - -56. Suppose -4*o - z = 0, 0*u + 3*u = 2*o + 22. What are the prime factors of a(u)?
2
What are the prime factors of (-14 + -5)*1*-3?
3, 19
Let z = -16 + 18. Suppose -5*d = 2*j - 122, -3*j + 60 = z*d - 5*j. What are the prime factors of d?
2, 13
Suppose -3*n = 2*o + 67, o = -4*o - 3*n - 145. Let i = -15 - o. List the prime factors of i.
11
Let w = -284 - -484. List the prime factors of w.
2, 5
Let u(m) = 4*m**2 - m - 1. Let r be u(-2). Suppose 22*t = r*t + 275. List the prime factors of t.
5, 11
Let x(c) = -38*c + 1. List the prime factors of x(-4).
3, 17
Let w = 4 + 3. Suppose -10 = 3*i + 2*l, -3*l + w*l - 34 = 3*i. Let b = -1 - i. List the prime factors of b.
5
Let m = 38 + -22. Let g = m - 7. What are the prime factors of g?
3
Suppose q + 10 = 4*g - 4, 2*g = 3*q + 2. Suppose 0 = g*d - 6 - 58. What are the prime factors of d?
2
Let p = 5 - -6. What are the prime factors of p?
11
Let k be (0 + 1)/(9/45). Suppose -j - 108 = -k*j. What are the prime factors of j?
3
Let d = 58 - 30. Let g = 44 - d. List the prime factors of g.
2
Let y = 24 - 25. Let n(s) be the third derivative of -13*s**4/24 - s**3/6 + s**2. What are the prime factors of n(y)?
2, 3
Let z(a) = a**3 + a + 4. Let t be (-8 + 2)*1/(-3). Let k be 0*(1 - 0/t). What are the prime factors of z(k)?
2
Let a = -51 - -88. What are the prime factors of a?
37
Let j = 4 + -6. Let z be (-47)/2 - j/(-4). Let m = 36 + z. What are the prime factors of m?
2, 3
Suppose -4*m + 212 = -132. Let y = -61 + m. List the prime factors of y.
5
Let w be 6 - (2 + -3) - 0. Let n(m) = m**2 + 7*m - 3. Let i be n(-7). Let q = w + i. What are the prime factors of q?
2
Let k(w) = w - 3. Let a be k(7). Let p = a + 0. Let b = p - -3. List the prime factors of b.
7
Let r = 4 - -1. Suppose -r*u + 102 = 12. What are the prime factors of u?
2, 3
Let d = -17 - -35. List the prime factors of d.
2, 3
What are the prime factors of 205/2 - 12/(-24)?
103
Suppose 0 = 5*q - 368 - 142. What are the prime factors of q?
2, 3, 17
Let w(k) = -k**3 - 2*k**2 + k + 2. Let b be w(-2). Suppose b = m + m - 20. What are the prime factors of m?
2, 5
Let p(g) = g**3 + 4*g**2 - 1. Suppose -4*k = -8*k - 12. What are the prime factors of p(k)?
2
Suppose -b = -3*k + 11, 5*k + 0*k - 15 = 0. Let q(z) = z**3 + 3*z**2 + 2*z + 2. Let p be q(b). Let a(o) = 5*o - 1. List the prime factors of a(p).
3
Suppose 0 = -3*z + x + 2*x + 114, -3*x + 42 = z. What are the prime factors of z?
3, 13
Suppose 32 = -4*j + 2*j. Let l = 13 - j. What are the prime factors of l?
29
Let n(w) = w**2 - 6*w + 2. Let f be n(4). Let u be -3 - (0 - 2) - -3. List the prime factors of (6/(-9))/(u/f).
2
Suppose -z + 56 - 16 = 0. Suppose -c + 5 = 0, 7*g = 2*g - c + z. List the prime factors of g.
7
Let c = 1 - -1. Let y be c/7 - 896/49. What are the prime factors of (-258)/y + (-2)/(-3)?
3, 5
Let f be 5/((-3)/(-12)*2). Let y be ((-4)/(-8))/((-1)/f). What are the prime factors of (-1 - 17)/(10/y)?
3
Suppose 6*q - 5*q = -35. What are the prime factors of q/(-20) + 1/4?
2
Suppose -b + 18 + 1 = 0. What are the prime factors of b?
19
Let n(f) be the third derivative of f**7/2520 + f**5/60 + f**4/6 + 3*f**2. Let p(v) be the second derivative of n(v). List the prime factors of p(-2).
2, 3
Let k = -49 + 105. What are the prime factors of k?
2, 7
Let q(z) = -5*z**2 + 5*z - 1. Let x(w) be the first derivative of 14*w**3/3 - 7*w**2 + 2*w - 2. Let n(b) = 8*q(b) + 3*x(b). What are the prime factors of n(3)?
2, 5
Let a = -164 - -282. List the prime factors of a.
2, 59
Let s(w) be the third derivative of -w**4/24 + 7*w**3/6 - 3*w**2. What are the prime factors of s(-8)?
3, 5
Let q(l) = -l**3 - l**2 - 4*l + 1. Let g be q(-3). Let t = -15 + g. List the prime factors of t.
2
Suppose 0 = 4*l - 0 - 20. Suppose l*a = 38 + 22. List the prime factors of a.
2, 3
What are the prime factors of 6 + 4341/24 - 1/(-8)?
11, 17
Let w(o) = -4*o - 10. What are the prime factors of w(-9)?
2, 13
Suppose 0 = 9*t - 234 - 423. List the prime factors of t.
73
Suppose 0 = 9*a - 10*a + 230. List the prime factors of a.
2, 5, 23
Let i = -71 - -160. List the prime factors of i.
89
Suppose -4*s - 9 = 7. Let r(b) = b**3 + b**2 - b + 1. Let f(o) = 3*o**3 + 7*o**2 - 3*o. Let w(x) = f(x) - 2*r(x). List the prime factors of w(s).
2, 3
Let r be 4 + (-2)/1 + 0. Let b(s) = -2*s - s**2 + 3*s**r + 7*s. List the prime factors of b(-4).
2, 3
Let b be (2/(-5)*-5)/(-1). What are the prime factors of (b + (-3)/(-4))*-8?
2, 5
Suppose 320 = 4*s - 0*s. What are the prime factors of s?
2, 5
Let x = 84 + 4. List the prime factors of x.
2, 11
Suppose -c = 5*l + 17 - 159, l + 4*c = 36. What are the prime factors of l?
2, 7
Suppose 0 = w - 10 - 50. Suppose 2*g - 2 = -n - 0*n, 5*g + w = 4*n. What are the prime factors of n?
2, 5
Let v(p) = 6*p**2 + 3*p + 2. List the prime factors of v(-3).
47
Let v be 0 - 4/(-2) - -1. Let p(h) be the second derivative of h**4/12 - h**3/3 + 2*h**2 - 10*h. What are the prime factors of p(v)?
7
Suppose -3*v = -0*v - 3*c - 3, c = 1. List the prime factors of v.
2
Suppose 2*p = 4*n + 274, 154 = -4*p - 3*n + 680. List the prime factors of p.
7, 19
Let p = -17 - -5. Let t be (-1 - 0)*2 - p. Suppose 4*d = -d + t. List the prime factors 